{"id":21,"date":"2018-10-13T14:42:15","date_gmt":"2018-10-13T12:42:15","guid":{"rendered":"http:\/\/kneipp-verein-bitz.de\/?page_id=21"},"modified":"2025-11-10T22:11:30","modified_gmt":"2025-11-10T21:11:30","slug":"impressum","status":"publish","type":"page","link":"https:\/\/kneipp-verein-bitz.de\/?page_id=21","title":{"rendered":"Impressum"},"content":{"rendered":"\t\t<div data-elementor-type=\"wp-post\" data-elementor-id=\"21\" class=\"elementor elementor-21\">\n\t\t\t\t\t\t\t\t\t<section class=\"elementor-section elementor-top-section elementor-element elementor-element-4f20b51 elementor-section-boxed elementor-section-height-default elementor-section-height-default\" data-id=\"4f20b51\" data-element_type=\"section\">\n\t\t\t\t\t\t<div class=\"elementor-container elementor-column-gap-default\">\n\t\t\t\t\t<div class=\"elementor-column elementor-col-100 elementor-top-column elementor-element elementor-element-0d6be9c\" data-id=\"0d6be9c\" data-element_type=\"column\">\n\t\t\t<div class=\"elementor-widget-wrap elementor-element-populated\">\n\t\t\t\t\t\t\t\t<div class=\"elementor-element elementor-element-529a94c elementor-widget elementor-widget-text-editor\" data-id=\"529a94c\" data-element_type=\"widget\" data-widget_type=\"text-editor.default\">\n\t\t\t\t<div class=\"elementor-widget-container\">\n\t\t\t\t\t\t\t<p>Kneipp-Verein Bitz e.V., Grozstr. 18 in 72475 Bitz<\/p><p>Tel.: \u00a0 \u00a0\u00a0 0170 3273095<br \/>E-Mail:\u00a0 kneipp.verein.bitz@gmail.com<br \/>Web: \u00a0 \u00a0 www.kneipp-verein-bitz.de<\/p><p>Eingetragen im Vereinsregister des Amtsgerichts Stuttgart unter der Nummer VR 400340<\/p><p>Vertreten durch <br \/>1. Vorsitzende: Elke H\u00fcfner<br \/>2. Vorsitzende: Hannelore Lorch<\/p><p>Haftung f\u00fcr Inhalte<br \/>Als Diensteanbieter sind wir gem\u00e4\u00df \u00a7 7 Abs.1 TMG f\u00fcr eigene Inhalte auf diesen Seiten nach den allgemeinen Gesetzen verantwortlich. Nach \u00a7\u00a7 8 bis 10 TMG sind wir als Diensteanbieter jedoch nicht verpflichtet, \u00fcbermittelte oder gespeicherte fremde Informationen zu \u00fcberwachen oder nach Umst\u00e4nden zu forschen, die auf eine rechtswidrige T\u00e4tigkeit hinweisen. Verpflichtungen zur Entfernung oder Sperrung der Nutzung von Informationen nach den allgemeinen Gesetzen bleiben hiervon unber\u00fchrt. Eine diesbez\u00fcgliche Haftung ist jedoch erst ab dem Zeitpunkt der Kenntnis einer konkreten Rechtsverletzung m\u00f6glich. Bei Bekanntwerden von entsprechenden Rechtsverletzungen werden wir diese Inhalte umgehend entfernen.<\/p><p>Haftung f\u00fcr Links<br \/>Unser Angebot enth\u00e4lt Links zu externen Webseiten Dritter, auf deren Inhalte wir keinen Einfluss haben. Deshalb k\u00f6nnen wir f\u00fcr diese fremden Inhalte auch keine Gew\u00e4hr \u00fcbernehmen. F\u00fcr die Inhalte der verlinkten Seiten ist stets der jeweilige Anbieter oder Betreiber der Seiten verantwortlich. Die verlinkten Seiten wurden zum Zeitpunkt der Verlinkung auf m\u00f6gliche Rechtsverst\u00f6\u00dfe \u00fcberpr\u00fcft. Rechtswidrige Inhalte waren zum Zeitpunkt der Verlinkung nicht erkennbar. Eine permanente inhaltliche Kontrolle der verlinkten Seiten ist jedoch ohne konkrete Anhaltspunkte einer Rechtsverletzung nicht zumutbar. Bei Bekanntwerden von Rechtsverletzungen werden wir derartige Links umgehend entfernen.<br \/>Urheberrecht<br \/>Die durch die Seitenbetreiber erstellten Inhalte und Werke auf diesen Seiten unterliegen dem deutschen Urheberrecht. Die Vervielf\u00e4ltigung, Bearbeitung, Verbreitung und jede Art der Verwertung au\u00dferhalb der Grenzen des Urheberrechtes bed\u00fcrfen der schriftlichen Zustimmung des jeweiligen Autors bzw. Erstellers. Downloads und Kopien dieser Seite sind nur f\u00fcr den privaten, nicht kommerziellen Gebrauch gestattet. Soweit die Inhalte auf dieser Seite nicht vom Betreiber erstellt wurden, werden die Urheberrechte Dritter beachtet. Insbesondere werden Inhalte Dritter als solche gekennzeichnet. Sollten Sie trotzdem auf eine Urheberrechtsverletzung aufmerksam werden, bitten wir um einen entsprechenden Hinweis. Bei Bekanntwerden von Rechtsverletzungen werden wir derartige Inhalte umgehend entfernen.<\/p><p>Bildnachweis | Textnachweis<br \/>Alle Bilder auf dieser Internetseite sind vom Kneipp-Verein Bitz e.V., mit Erlaubnis der jeweiligen Personen.<\/p><p>Teile des Inhalts basieren mit freundlicher Genehmigung auf Texten des \u00a9 Kneipp-Bund<\/p><p>Website, Konzept, Gestaltung, Realisierung: Lukas Thomann<\/p><p>Quelle: www.e-recht24.de<\/p><p>Powered by Nirvana &amp; WordPress<\/p>\t\t\t\t\t\t<\/div>\n\t\t\t\t<\/div>\n\t\t\t\t\t<\/div>\n\t\t<\/div>\n\t\t\t\t\t\t\t<\/div>\n\t\t<\/section>\n\t\t\t\t\t\t\t<\/div>\n\t\t","protected":false},"excerpt":{"rendered":"<p>Kneipp-Verein Bitz e.V., Grozstr. 18 in 72475 Bitz Tel.: \u00a0 \u00a0\u00a0 0170 3273095E-Mail:\u00a0 kneipp.verein.bitz@gmail.comWeb: \u00a0 \u00a0 www.kneipp-verein-bitz.de Eingetragen im Vereinsregister des Amtsgerichts Stuttgart unter der Nummer VR 400340 Vertreten durch 1. Vorsitzende: Elke H\u00fcfner2. Vorsitzende: Hannelore Lorch Haftung f\u00fcr InhalteAls Diensteanbieter sind wir gem\u00e4\u00df \u00a7 7 Abs.1 TMG f\u00fcr eigene&#8230;<\/p>\n<p> <a class=\"continue-reading-link\" href=\"https:\/\/kneipp-verein-bitz.de\/?page_id=21\"><span>Continue reading<\/span><i class=\"crycon-right-dir\"><\/i><\/a> <\/p>\n","protected":false},"author":1,"featured_media":0,"parent":0,"menu_order":0,"comment_status":"closed","ping_status":"closed","template":"","meta":{"footnotes":""},"_links":{"self":[{"href":"https:\/\/kneipp-verein-bitz.de\/index.php?rest_route=\/wp\/v2\/pages\/21"}],"collection":[{"href":"https:\/\/kneipp-verein-bitz.de\/index.php?rest_route=\/wp\/v2\/pages"}],"about":[{"href":"https:\/\/kneipp-verein-bitz.de\/index.php?rest_route=\/wp\/v2\/types\/page"}],"author":[{"embeddable":true,"href":"https:\/\/kneipp-verein-bitz.de\/index.php?rest_route=\/wp\/v2\/users\/1"}],"replies":[{"embeddable":true,"href":"https:\/\/kneipp-verein-bitz.de\/index.php?rest_route=%2Fwp%2Fv2%2Fcomments&post=21"}],"version-history":[{"count":25,"href":"https:\/\/kneipp-verein-bitz.de\/index.php?rest_route=\/wp\/v2\/pages\/21\/revisions"}],"predecessor-version":[{"id":1526,"href":"https:\/\/kneipp-verein-bitz.de\/index.php?rest_route=\/wp\/v2\/pages\/21\/revisions\/1526"}],"wp:attachment":[{"href":"https:\/\/kneipp-verein-bitz.de\/index.php?rest_route=%2Fwp%2Fv2%2Fmedia&parent=21"}],"curies":[{"name":"wp","href":"https:\/\/api.w.org\/{rel}","templated":true}]}}